{"id":21230,"date":"2026-09-03T16:58:58","date_gmt":"2026-09-03T14:58:58","guid":{"rendered":"https:\/\/tera-environnement.com\/?post_type=faq&#038;p=21230"},"modified":"2026-09-03T16:58:58","modified_gmt":"2026-09-03T14:58:58","slug":"tera-environnement-intervient-il-sur-le-projet-caractair","status":"publish","type":"faq","link":"https:\/\/tera-environnement.com\/en\/faq\/tera-environnement-intervient-il-sur-le-projet-caractair\/","title":{"rendered":"TERA Environnement intervient-il sur le projet CARACTAIR ?"},"content":{"rendered":"<p>Oui. TERA Environnement est impliqu\u00e9 dans le projet CARACTAIR, qui d\u00e9veloppe une nouvelle approche pour le pr\u00e9l\u00e8vement longue dur\u00e9e dans les gaz du sol et l&#8217;air int\u00e9rieur. Ce projet innovant vise \u00e0 am\u00e9liorer la repr\u00e9sentativit\u00e9 des mesures en permettant des pr\u00e9l\u00e8vements int\u00e9gr\u00e9s sur de longues p\u00e9riodes, ce qui est particuli\u00e8rement pertinent pour les sites pr\u00e9sentant des concentrations variables dans le temps. Des informations sur ce projet sont disponibles dans la section actualit\u00e9s du site tera-environnement.com.<\/p>\n","protected":false},"featured_media":0,"template":"","class_list":["post-21230","faq","type-faq","status-publish","hentry"],"acf":[],"yoast_head":"<!-- This site is optimized with the Yoast SEO plugin v28.4 - https:\/\/yoast.com\/product\/yoast-seo-wordpress\/ -->\n<title>TERA Environnement intervient-il sur le projet CARACTAIR ? - TERA Environnement<\/title>\n<meta name=\"robots\" content=\"index, follow, max-snippet:-1, max-image-preview:large, max-video-preview:-1\" \/>\n<link rel=\"canonical\" href=\"https:\/\/tera-environnement.com\/faq\/tera-environnement-intervient-il-sur-le-projet-caractair\/\" \/>\n<meta property=\"og:locale\" content=\"en_US\" \/>\n<meta property=\"og:type\" content=\"article\" \/>\n<meta property=\"og:title\" content=\"TERA Environnement intervient-il sur le projet CARACTAIR ? - TERA Environnement\" \/>\n<meta property=\"og:description\" content=\"Oui. TERA Environnement est impliqu\u00e9 dans le projet CARACTAIR, qui d\u00e9veloppe une nouvelle approche pour le pr\u00e9l\u00e8vement longue dur\u00e9e dans les gaz du sol et l&#8217;air int\u00e9rieur. Ce projet innovant vise \u00e0 am\u00e9liorer la repr\u00e9sentativit\u00e9 des mesures en permettant des pr\u00e9l\u00e8vements int\u00e9gr\u00e9s sur de longues p\u00e9riodes, ce qui est particuli\u00e8rement pertinent pour les sites pr\u00e9sentant [&hellip;]\" \/>\n<meta property=\"og:url\" content=\"https:\/\/tera-environnement.com\/faq\/tera-environnement-intervient-il-sur-le-projet-caractair\/\" \/>\n<meta property=\"og:site_name\" content=\"TERA Environnement\" \/>\n<meta name=\"twitter:card\" content=\"summary_large_image\" \/>\n<meta name=\"twitter:label1\" content=\"Est. reading time\" \/>\n\t<meta name=\"twitter:data1\" content=\"1 minute\" \/>\n<!-- \/ Yoast SEO plugin. -->","yoast_head_json":{"title":"TERA Environnement intervient-il sur le projet CARACTAIR ? - TERA Environnement","robots":{"index":"index","follow":"follow","max-snippet":"max-snippet:-1","max-image-preview":"max-image-preview:large","max-video-preview":"max-video-preview:-1"},"canonical":"https:\/\/tera-environnement.com\/faq\/tera-environnement-intervient-il-sur-le-projet-caractair\/","og_locale":"en_US","og_type":"article","og_title":"TERA Environnement intervient-il sur le projet CARACTAIR ? - TERA Environnement","og_description":"Oui. TERA Environnement est impliqu\u00e9 dans le projet CARACTAIR, qui d\u00e9veloppe une nouvelle approche pour le pr\u00e9l\u00e8vement longue dur\u00e9e dans les gaz du sol et l&#8217;air int\u00e9rieur. Ce projet innovant vise \u00e0 am\u00e9liorer la repr\u00e9sentativit\u00e9 des mesures en permettant des pr\u00e9l\u00e8vements int\u00e9gr\u00e9s sur de longues p\u00e9riodes, ce qui est particuli\u00e8rement pertinent pour les sites pr\u00e9sentant [&hellip;]","og_url":"https:\/\/tera-environnement.com\/faq\/tera-environnement-intervient-il-sur-le-projet-caractair\/","og_site_name":"TERA Environnement","twitter_card":"summary_large_image","twitter_misc":{"Est. reading time":"1 minute"},"schema":{"@context":"https:\/\/schema.org","@graph":[{"@type":"WebPage","@id":"https:\/\/tera-environnement.com\/faq\/tera-environnement-intervient-il-sur-le-projet-caractair\/","url":"https:\/\/tera-environnement.com\/faq\/tera-environnement-intervient-il-sur-le-projet-caractair\/","name":"TERA Environnement intervient-il sur le projet CARACTAIR ? - TERA Environnement","isPartOf":{"@id":"https:\/\/tera-environnement.com\/#website"},"datePublished":"2026-09-03T14:58:58+00:00","breadcrumb":{"@id":"https:\/\/tera-environnement.com\/faq\/tera-environnement-intervient-il-sur-le-projet-caractair\/#breadcrumb"},"inLanguage":"en-US","potentialAction":[{"@type":"ReadAction","target":["https:\/\/tera-environnement.com\/faq\/tera-environnement-intervient-il-sur-le-projet-caractair\/"]}]},{"@type":"BreadcrumbList","@id":"https:\/\/tera-environnement.com\/faq\/tera-environnement-intervient-il-sur-le-projet-caractair\/#breadcrumb","itemListElement":[{"@type":"ListItem","position":1,"name":"Home","item":"https:\/\/tera-environnement.com\/en\/votre-qualite-de-lair-maintenant\/"},{"@type":"ListItem","position":2,"name":"Faqs","item":"https:\/\/tera-environnement.com\/faq\/"},{"@type":"ListItem","position":3,"name":"TERA Environnement intervient-il sur le projet CARACTAIR ?"}]},{"@type":"WebSite","@id":"https:\/\/tera-environnement.com\/#website","url":"https:\/\/tera-environnement.com\/","name":"TERA Environnement","description":"Une soci\u00e9t\u00e9 du groupe tera","publisher":{"@id":"https:\/\/tera-environnement.com\/#organization"},"potentialAction":[{"@type":"SearchAction","target":{"@type":"EntryPoint","urlTemplate":"https:\/\/tera-environnement.com\/?s={search_term_string}"},"query-input":{"@type":"PropertyValueSpecification","valueRequired":true,"valueName":"search_term_string"}}],"inLanguage":"en-US"},{"@type":"Organization","@id":"https:\/\/tera-environnement.com\/#organization","name":"TERA Environnement","url":"https:\/\/tera-environnement.com\/","logo":{"@type":"ImageObject","inLanguage":"en-US","@id":"https:\/\/tera-environnement.com\/#\/schema\/logo\/image\/","url":"https:\/\/tera-environnement.com\/wp-content\/uploads\/2023\/09\/Logotype_Tera_Sensor-seul_couleur-1.jpg","contentUrl":"https:\/\/tera-environnement.com\/wp-content\/uploads\/2023\/09\/Logotype_Tera_Sensor-seul_couleur-1.jpg","width":125,"height":90,"caption":"TERA Environnement"},"image":{"@id":"https:\/\/tera-environnement.com\/#\/schema\/logo\/image\/"}}]}},"_links":{"self":[{"href":"https:\/\/tera-environnement.com\/en\/wp-json\/wp\/v2\/faq\/21230","targetHints":{"allow":["GET"]}}],"collection":[{"href":"https:\/\/tera-environnement.com\/en\/wp-json\/wp\/v2\/faq"}],"about":[{"href":"https:\/\/tera-environnement.com\/en\/wp-json\/wp\/v2\/types\/faq"}],"wp:attachment":[{"href":"https:\/\/tera-environnement.com\/en\/wp-json\/wp\/v2\/media?parent=21230"}],"curies":[{"name":"wp","href":"https:\/\/api.w.org\/{rel}","templated":true}]}}

<p>Oui. TERA Environnement est impliqué dans le projet CARACTAIR, qui développe une nouvelle approche pour le prélèvement longue durée dans les gaz du sol et l&#8217;air intérieur. Ce projet innovant vise à améliorer la représentativité des mesures en permettant des prélèvements intégrés sur de longues périodes, ce qui est particulièrement pertinent pour les sites présentant des concentrations variables dans le temps. Des informations sur ce projet sont disponibles dans la section actualités du site tera-environnement.com.</p>

<!-- This site is optimized with the Yoast SEO plugin v28.4 - https://yoast.com/product/yoast-seo-wordpress/ -->
<title>TERA Environnement intervient-il sur le projet CARACTAIR ? - TERA Environnement</title>
<meta name="robots" content="index, follow, max-snippet:-1, max-image-preview:large, max-video-preview:-1" />
<link rel="canonical" href="https://tera-environnement.com/faq/tera-environnement-intervient-il-sur-le-projet-caractair/" />
<meta property="og:locale" content="en_US" />
<meta property="og:type" content="article" />
<meta property="og:title" content="TERA Environnement intervient-il sur le projet CARACTAIR ? - TERA Environnement" />
<meta property="og:description" content="Oui. TERA Environnement est impliqué dans le projet CARACTAIR, qui développe une nouvelle approche pour le prélèvement longue durée dans les gaz du sol et l&#8217;air intérieur. Ce projet innovant vise à améliorer la représentativité des mesures en permettant des prélèvements intégrés sur de longues périodes, ce qui est particulièrement pertinent pour les sites présentant [&hellip;]" />
<meta property="og:url" content="https://tera-environnement.com/faq/tera-environnement-intervient-il-sur-le-projet-caractair/" />
<meta property="og:site_name" content="TERA Environnement" />
<meta name="twitter:card" content="summary_large_image" />
<meta name="twitter:label1" content="Est. reading time" />
	<meta name="twitter:data1" content="1 minute" />
<!-- / Yoast SEO plugin. -->

Oui. TERA Environnement est impliqué dans le projet CARACTAIR, qui développe une nouvelle approche pour le prélèvement longue durée dans les gaz du sol et l&#8217;air intérieur. Ce projet innovant vise à améliorer la représentativité des mesures en permettant des prélèvements intégrés sur de longues périodes, ce qui est particulièrement pertinent pour les sites présentant [&hellip;]

Une société du groupe tera
