{"id":21210,"date":"2026-09-03T16:49:08","date_gmt":"2026-09-03T14:49:08","guid":{"rendered":"https:\/\/tera-environnement.com\/?post_type=faq&#038;p=21210"},"modified":"2026-09-03T16:49:08","modified_gmt":"2026-09-03T14:49:08","slug":"tera-environnement-fait-il-partie-dun-groupe","status":"publish","type":"faq","link":"https:\/\/tera-environnement.com\/es\/faq\/tera-environnement-fait-il-partie-dun-groupe\/","title":{"rendered":"TERA Environnement fait-il partie d&#8217;un groupe ?"},"content":{"rendered":"<p>Oui, TERA Environnement a rejoint la Division Sciences Analytiques du groupe CELNOR en 2025. Cette appartenance \u00e0 un groupe permet au laboratoire de b\u00e9n\u00e9ficier de synergies techniques et commerciales tout en conservant la r\u00e9activit\u00e9 et la proximit\u00e9 d&#8217;une structure sp\u00e9cialis\u00e9e. Par ailleurs, TERA Environnement poss\u00e8de une filiale appel\u00e9e Toxilabo sp\u00e9cialis\u00e9e dans les analyses d\u2019air des lieux de travail et fluides biologiques.<\/p>\n","protected":false},"featured_media":0,"template":"","class_list":["post-21210","faq","type-faq","status-publish","hentry"],"acf":[],"yoast_head":"<!-- This site is optimized with the Yoast SEO plugin v28.4 - https:\/\/yoast.com\/product\/yoast-seo-wordpress\/ -->\n<title>TERA Environnement fait-il partie d&#039;un groupe ? - TERA Environnement<\/title>\n<meta name=\"robots\" content=\"index, follow, max-snippet:-1, max-image-preview:large, max-video-preview:-1\" \/>\n<link rel=\"canonical\" href=\"https:\/\/tera-environnement.com\/faq\/tera-environnement-fait-il-partie-dun-groupe\/\" \/>\n<meta property=\"og:locale\" content=\"es_ES\" \/>\n<meta property=\"og:type\" content=\"article\" \/>\n<meta property=\"og:title\" content=\"TERA Environnement fait-il partie d&#039;un groupe ? - TERA Environnement\" \/>\n<meta property=\"og:description\" content=\"Oui, TERA Environnement a rejoint la Division Sciences Analytiques du groupe CELNOR en 2025. Cette appartenance \u00e0 un groupe permet au laboratoire de b\u00e9n\u00e9ficier de synergies techniques et commerciales tout en conservant la r\u00e9activit\u00e9 et la proximit\u00e9 d&#8217;une structure sp\u00e9cialis\u00e9e. Par ailleurs, TERA Environnement poss\u00e8de une filiale appel\u00e9e Toxilabo sp\u00e9cialis\u00e9e dans les analyses d\u2019air des [&hellip;]\" \/>\n<meta property=\"og:url\" content=\"https:\/\/tera-environnement.com\/faq\/tera-environnement-fait-il-partie-dun-groupe\/\" \/>\n<meta property=\"og:site_name\" content=\"TERA Environnement\" \/>\n<meta name=\"twitter:card\" content=\"summary_large_image\" \/>\n<meta name=\"twitter:label1\" content=\"Tiempo de lectura\" \/>\n\t<meta name=\"twitter:data1\" content=\"1 minuto\" \/>\n<!-- \/ Yoast SEO plugin. -->","yoast_head_json":{"title":"TERA Environnement fait-il partie d'un groupe ? - TERA Environnement","robots":{"index":"index","follow":"follow","max-snippet":"max-snippet:-1","max-image-preview":"max-image-preview:large","max-video-preview":"max-video-preview:-1"},"canonical":"https:\/\/tera-environnement.com\/faq\/tera-environnement-fait-il-partie-dun-groupe\/","og_locale":"es_ES","og_type":"article","og_title":"TERA Environnement fait-il partie d'un groupe ? - TERA Environnement","og_description":"Oui, TERA Environnement a rejoint la Division Sciences Analytiques du groupe CELNOR en 2025. Cette appartenance \u00e0 un groupe permet au laboratoire de b\u00e9n\u00e9ficier de synergies techniques et commerciales tout en conservant la r\u00e9activit\u00e9 et la proximit\u00e9 d&#8217;une structure sp\u00e9cialis\u00e9e. Par ailleurs, TERA Environnement poss\u00e8de une filiale appel\u00e9e Toxilabo sp\u00e9cialis\u00e9e dans les analyses d\u2019air des [&hellip;]","og_url":"https:\/\/tera-environnement.com\/faq\/tera-environnement-fait-il-partie-dun-groupe\/","og_site_name":"TERA Environnement","twitter_card":"summary_large_image","twitter_misc":{"Tiempo de lectura":"1 minuto"},"schema":{"@context":"https:\/\/schema.org","@graph":[{"@type":"WebPage","@id":"https:\/\/tera-environnement.com\/faq\/tera-environnement-fait-il-partie-dun-groupe\/","url":"https:\/\/tera-environnement.com\/faq\/tera-environnement-fait-il-partie-dun-groupe\/","name":"TERA Environnement fait-il partie d'un groupe ? - TERA Environnement","isPartOf":{"@id":"https:\/\/tera-environnement.com\/#website"},"datePublished":"2026-09-03T14:49:08+00:00","breadcrumb":{"@id":"https:\/\/tera-environnement.com\/faq\/tera-environnement-fait-il-partie-dun-groupe\/#breadcrumb"},"inLanguage":"es","potentialAction":[{"@type":"ReadAction","target":["https:\/\/tera-environnement.com\/faq\/tera-environnement-fait-il-partie-dun-groupe\/"]}]},{"@type":"BreadcrumbList","@id":"https:\/\/tera-environnement.com\/faq\/tera-environnement-fait-il-partie-dun-groupe\/#breadcrumb","itemListElement":[{"@type":"ListItem","position":1,"name":"Home","item":"https:\/\/tera-environnement.com\/es\/"},{"@type":"ListItem","position":2,"name":"Faqs","item":"https:\/\/tera-environnement.com\/faq\/"},{"@type":"ListItem","position":3,"name":"TERA Environnement fait-il partie d&#8217;un groupe ?"}]},{"@type":"WebSite","@id":"https:\/\/tera-environnement.com\/#website","url":"https:\/\/tera-environnement.com\/","name":"TERA Environnement","description":"Une soci\u00e9t\u00e9 du groupe tera","publisher":{"@id":"https:\/\/tera-environnement.com\/#organization"},"potentialAction":[{"@type":"SearchAction","target":{"@type":"EntryPoint","urlTemplate":"https:\/\/tera-environnement.com\/?s={search_term_string}"},"query-input":{"@type":"PropertyValueSpecification","valueRequired":true,"valueName":"search_term_string"}}],"inLanguage":"es"},{"@type":"Organization","@id":"https:\/\/tera-environnement.com\/#organization","name":"TERA Environnement","url":"https:\/\/tera-environnement.com\/","logo":{"@type":"ImageObject","inLanguage":"es","@id":"https:\/\/tera-environnement.com\/#\/schema\/logo\/image\/","url":"https:\/\/tera-environnement.com\/wp-content\/uploads\/2023\/09\/Logotype_Tera_Sensor-seul_couleur-1.jpg","contentUrl":"https:\/\/tera-environnement.com\/wp-content\/uploads\/2023\/09\/Logotype_Tera_Sensor-seul_couleur-1.jpg","width":125,"height":90,"caption":"TERA Environnement"},"image":{"@id":"https:\/\/tera-environnement.com\/#\/schema\/logo\/image\/"}}]}},"_links":{"self":[{"href":"https:\/\/tera-environnement.com\/es\/wp-json\/wp\/v2\/faq\/21210","targetHints":{"allow":["GET"]}}],"collection":[{"href":"https:\/\/tera-environnement.com\/es\/wp-json\/wp\/v2\/faq"}],"about":[{"href":"https:\/\/tera-environnement.com\/es\/wp-json\/wp\/v2\/types\/faq"}],"wp:attachment":[{"href":"https:\/\/tera-environnement.com\/es\/wp-json\/wp\/v2\/media?parent=21210"}],"curies":[{"name":"wp","href":"https:\/\/api.w.org\/{rel}","templated":true}]}}

<p>Oui, TERA Environnement a rejoint la Division Sciences Analytiques du groupe CELNOR en 2025. Cette appartenance à un groupe permet au laboratoire de bénéficier de synergies techniques et commerciales tout en conservant la réactivité et la proximité d&#8217;une structure spécialisée. Par ailleurs, TERA Environnement possède une filiale appelée Toxilabo spécialisée dans les analyses d’air des lieux de travail et fluides biologiques.</p>

<!-- This site is optimized with the Yoast SEO plugin v28.4 - https://yoast.com/product/yoast-seo-wordpress/ -->
<title>TERA Environnement fait-il partie d&#039;un groupe ? - TERA Environnement</title>
<meta name="robots" content="index, follow, max-snippet:-1, max-image-preview:large, max-video-preview:-1" />
<link rel="canonical" href="https://tera-environnement.com/faq/tera-environnement-fait-il-partie-dun-groupe/" />
<meta property="og:locale" content="es_ES" />
<meta property="og:type" content="article" />
<meta property="og:title" content="TERA Environnement fait-il partie d&#039;un groupe ? - TERA Environnement" />
<meta property="og:description" content="Oui, TERA Environnement a rejoint la Division Sciences Analytiques du groupe CELNOR en 2025. Cette appartenance à un groupe permet au laboratoire de bénéficier de synergies techniques et commerciales tout en conservant la réactivité et la proximité d&#8217;une structure spécialisée. Par ailleurs, TERA Environnement possède une filiale appelée Toxilabo spécialisée dans les analyses d’air des [&hellip;]" />
<meta property="og:url" content="https://tera-environnement.com/faq/tera-environnement-fait-il-partie-dun-groupe/" />
<meta property="og:site_name" content="TERA Environnement" />
<meta name="twitter:card" content="summary_large_image" />
<meta name="twitter:label1" content="Tiempo de lectura" />
	<meta name="twitter:data1" content="1 minuto" />
<!-- / Yoast SEO plugin. -->

Oui, TERA Environnement a rejoint la Division Sciences Analytiques du groupe CELNOR en 2025. Cette appartenance à un groupe permet au laboratoire de bénéficier de synergies techniques et commerciales tout en conservant la réactivité et la proximité d&#8217;une structure spécialisée. Par ailleurs, TERA Environnement possède une filiale appelée Toxilabo spécialisée dans les analyses d’air des [&hellip;]

Une société du groupe tera
