{"id":21231,"date":"2026-09-03T16:59:38","date_gmt":"2026-09-03T14:59:38","guid":{"rendered":"https:\/\/tera-environnement.com\/?post_type=faq&#038;p=21231"},"modified":"2026-09-03T16:59:38","modified_gmt":"2026-09-03T14:59:38","slug":"pourquoi-mesurer-la-qualite-de-lair-dans-les-lieux-de-travail","status":"publish","type":"faq","link":"https:\/\/tera-environnement.com\/es\/faq\/pourquoi-mesurer-la-qualite-de-lair-dans-les-lieux-de-travail\/","title":{"rendered":"Pourquoi mesurer la qualit\u00e9 de l&#8217;air dans les lieux de travail ?"},"content":{"rendered":"<p>La surveillance de la qualit\u00e9 de l&#8217;air dans les lieux de travail (aussi appel\u00e9e hygi\u00e8ne industrielle ou exposition professionnelle) vise \u00e0 prot\u00e9ger la sant\u00e9 des travailleurs expos\u00e9s \u00e0 des agents chimiques dangereux. En France, le Code du travail impose aux employeurs d&#8217;\u00e9valuer les risques chimiques et de mesurer les niveaux d&#8217;exposition de leurs salari\u00e9s pour s&#8217;assurer du respect des valeurs limites d&#8217;exposition professionnelle (VLEP). TERA Environnement r\u00e9alise ces analyses en fournissant les supports de pr\u00e9l\u00e8vement adapt\u00e9s et en analysant les \u00e9chantillons dans ses laboratoires accr\u00e9dit\u00e9s.<\/p>\n","protected":false},"featured_media":0,"template":"","class_list":["post-21231","faq","type-faq","status-publish","hentry"],"acf":[],"yoast_head":"<!-- This site is optimized with the Yoast SEO plugin v28.4 - https:\/\/yoast.com\/product\/yoast-seo-wordpress\/ -->\n<title>Pourquoi mesurer la qualit\u00e9 de l&#039;air dans les lieux de travail ? - TERA Environnement<\/title>\n<meta name=\"robots\" content=\"index, follow, max-snippet:-1, max-image-preview:large, max-video-preview:-1\" \/>\n<link rel=\"canonical\" href=\"https:\/\/tera-environnement.com\/faq\/pourquoi-mesurer-la-qualite-de-lair-dans-les-lieux-de-travail\/\" \/>\n<meta property=\"og:locale\" content=\"es_ES\" \/>\n<meta property=\"og:type\" content=\"article\" \/>\n<meta property=\"og:title\" content=\"Pourquoi mesurer la qualit\u00e9 de l&#039;air dans les lieux de travail ? - TERA Environnement\" \/>\n<meta property=\"og:description\" content=\"La surveillance de la qualit\u00e9 de l&#8217;air dans les lieux de travail (aussi appel\u00e9e hygi\u00e8ne industrielle ou exposition professionnelle) vise \u00e0 prot\u00e9ger la sant\u00e9 des travailleurs expos\u00e9s \u00e0 des agents chimiques dangereux. En France, le Code du travail impose aux employeurs d&#8217;\u00e9valuer les risques chimiques et de mesurer les niveaux d&#8217;exposition de leurs salari\u00e9s pour [&hellip;]\" \/>\n<meta property=\"og:url\" content=\"https:\/\/tera-environnement.com\/faq\/pourquoi-mesurer-la-qualite-de-lair-dans-les-lieux-de-travail\/\" \/>\n<meta property=\"og:site_name\" content=\"TERA Environnement\" \/>\n<meta name=\"twitter:card\" content=\"summary_large_image\" \/>\n<meta name=\"twitter:label1\" content=\"Tiempo de lectura\" \/>\n\t<meta name=\"twitter:data1\" content=\"1 minuto\" \/>\n<!-- \/ Yoast SEO plugin. -->","yoast_head_json":{"title":"Pourquoi mesurer la qualit\u00e9 de l'air dans les lieux de travail ? - TERA Environnement","robots":{"index":"index","follow":"follow","max-snippet":"max-snippet:-1","max-image-preview":"max-image-preview:large","max-video-preview":"max-video-preview:-1"},"canonical":"https:\/\/tera-environnement.com\/faq\/pourquoi-mesurer-la-qualite-de-lair-dans-les-lieux-de-travail\/","og_locale":"es_ES","og_type":"article","og_title":"Pourquoi mesurer la qualit\u00e9 de l'air dans les lieux de travail ? - TERA Environnement","og_description":"La surveillance de la qualit\u00e9 de l&#8217;air dans les lieux de travail (aussi appel\u00e9e hygi\u00e8ne industrielle ou exposition professionnelle) vise \u00e0 prot\u00e9ger la sant\u00e9 des travailleurs expos\u00e9s \u00e0 des agents chimiques dangereux. En France, le Code du travail impose aux employeurs d&#8217;\u00e9valuer les risques chimiques et de mesurer les niveaux d&#8217;exposition de leurs salari\u00e9s pour [&hellip;]","og_url":"https:\/\/tera-environnement.com\/faq\/pourquoi-mesurer-la-qualite-de-lair-dans-les-lieux-de-travail\/","og_site_name":"TERA Environnement","twitter_card":"summary_large_image","twitter_misc":{"Tiempo de lectura":"1 minuto"},"schema":{"@context":"https:\/\/schema.org","@graph":[{"@type":"WebPage","@id":"https:\/\/tera-environnement.com\/faq\/pourquoi-mesurer-la-qualite-de-lair-dans-les-lieux-de-travail\/","url":"https:\/\/tera-environnement.com\/faq\/pourquoi-mesurer-la-qualite-de-lair-dans-les-lieux-de-travail\/","name":"Pourquoi mesurer la qualit\u00e9 de l'air dans les lieux de travail ? - TERA Environnement","isPartOf":{"@id":"https:\/\/tera-environnement.com\/#website"},"datePublished":"2026-09-03T14:59:38+00:00","breadcrumb":{"@id":"https:\/\/tera-environnement.com\/faq\/pourquoi-mesurer-la-qualite-de-lair-dans-les-lieux-de-travail\/#breadcrumb"},"inLanguage":"es","potentialAction":[{"@type":"ReadAction","target":["https:\/\/tera-environnement.com\/faq\/pourquoi-mesurer-la-qualite-de-lair-dans-les-lieux-de-travail\/"]}]},{"@type":"BreadcrumbList","@id":"https:\/\/tera-environnement.com\/faq\/pourquoi-mesurer-la-qualite-de-lair-dans-les-lieux-de-travail\/#breadcrumb","itemListElement":[{"@type":"ListItem","position":1,"name":"Home","item":"https:\/\/tera-environnement.com\/es\/"},{"@type":"ListItem","position":2,"name":"Faqs","item":"https:\/\/tera-environnement.com\/faq\/"},{"@type":"ListItem","position":3,"name":"Pourquoi mesurer la qualit\u00e9 de l&#8217;air dans les lieux de travail ?"}]},{"@type":"WebSite","@id":"https:\/\/tera-environnement.com\/#website","url":"https:\/\/tera-environnement.com\/","name":"TERA Environnement","description":"Une soci\u00e9t\u00e9 du groupe tera","publisher":{"@id":"https:\/\/tera-environnement.com\/#organization"},"potentialAction":[{"@type":"SearchAction","target":{"@type":"EntryPoint","urlTemplate":"https:\/\/tera-environnement.com\/?s={search_term_string}"},"query-input":{"@type":"PropertyValueSpecification","valueRequired":true,"valueName":"search_term_string"}}],"inLanguage":"es"},{"@type":"Organization","@id":"https:\/\/tera-environnement.com\/#organization","name":"TERA Environnement","url":"https:\/\/tera-environnement.com\/","logo":{"@type":"ImageObject","inLanguage":"es","@id":"https:\/\/tera-environnement.com\/#\/schema\/logo\/image\/","url":"https:\/\/tera-environnement.com\/wp-content\/uploads\/2023\/09\/Logotype_Tera_Sensor-seul_couleur-1.jpg","contentUrl":"https:\/\/tera-environnement.com\/wp-content\/uploads\/2023\/09\/Logotype_Tera_Sensor-seul_couleur-1.jpg","width":125,"height":90,"caption":"TERA Environnement"},"image":{"@id":"https:\/\/tera-environnement.com\/#\/schema\/logo\/image\/"}}]}},"_links":{"self":[{"href":"https:\/\/tera-environnement.com\/es\/wp-json\/wp\/v2\/faq\/21231","targetHints":{"allow":["GET"]}}],"collection":[{"href":"https:\/\/tera-environnement.com\/es\/wp-json\/wp\/v2\/faq"}],"about":[{"href":"https:\/\/tera-environnement.com\/es\/wp-json\/wp\/v2\/types\/faq"}],"wp:attachment":[{"href":"https:\/\/tera-environnement.com\/es\/wp-json\/wp\/v2\/media?parent=21231"}],"curies":[{"name":"wp","href":"https:\/\/api.w.org\/{rel}","templated":true}]}}

Pourquoi mesurer la qualité de l&#8217;air dans les lieux de travail ?

<p>La surveillance de la qualité de l&#8217;air dans les lieux de travail (aussi appelée hygiène industrielle ou exposition professionnelle) vise à protéger la santé des travailleurs exposés à des agents chimiques dangereux. En France, le Code du travail impose aux employeurs d&#8217;évaluer les risques chimiques et de mesurer les niveaux d&#8217;exposition de leurs salariés pour s&#8217;assurer du respect des valeurs limites d&#8217;exposition professionnelle (VLEP). TERA Environnement réalise ces analyses en fournissant les supports de prélèvement adaptés et en analysant les échantillons dans ses laboratoires accrédités.</p>

<!-- This site is optimized with the Yoast SEO plugin v28.4 - https://yoast.com/product/yoast-seo-wordpress/ -->
<title>Pourquoi mesurer la qualité de l&#039;air dans les lieux de travail ? - TERA Environnement</title>
<meta name="robots" content="index, follow, max-snippet:-1, max-image-preview:large, max-video-preview:-1" />
<link rel="canonical" href="https://tera-environnement.com/faq/pourquoi-mesurer-la-qualite-de-lair-dans-les-lieux-de-travail/" />
<meta property="og:locale" content="es_ES" />
<meta property="og:type" content="article" />
<meta property="og:title" content="Pourquoi mesurer la qualité de l&#039;air dans les lieux de travail ? - TERA Environnement" />
<meta property="og:description" content="La surveillance de la qualité de l&#8217;air dans les lieux de travail (aussi appelée hygiène industrielle ou exposition professionnelle) vise à protéger la santé des travailleurs exposés à des agents chimiques dangereux. En France, le Code du travail impose aux employeurs d&#8217;évaluer les risques chimiques et de mesurer les niveaux d&#8217;exposition de leurs salariés pour [&hellip;]" />
<meta property="og:url" content="https://tera-environnement.com/faq/pourquoi-mesurer-la-qualite-de-lair-dans-les-lieux-de-travail/" />
<meta property="og:site_name" content="TERA Environnement" />
<meta name="twitter:card" content="summary_large_image" />
<meta name="twitter:label1" content="Tiempo de lectura" />
	<meta name="twitter:data1" content="1 minuto" />
<!-- / Yoast SEO plugin. -->

Pourquoi mesurer la qualité de l'air dans les lieux de travail ? - TERA Environnement

La surveillance de la qualité de l&#8217;air dans les lieux de travail (aussi appelée hygiène industrielle ou exposition professionnelle) vise à protéger la santé des travailleurs exposés à des agents chimiques dangereux. En France, le Code du travail impose aux employeurs d&#8217;évaluer les risques chimiques et de mesurer les niveaux d&#8217;exposition de leurs salariés pour [&hellip;]

Une société du groupe tera
